mainder when o is divided by 3 - (6/9)/(x/(-33))?
13
Let q(j) = 11*j + 27. Let z be q(7). Let x = 158 - z. Calculate the remainder when x is divided by 28.
26
Let p = -1949 + 2751. Calculate the remainder when p is divided by 134.
132
Let h = -78 + 89. Suppose b + 6 - 1 = 0. Let n = h + b. Calculate the remainder when 14 is divided by n.
2
Suppose 0 = 8*n + 45*n - 13*n - 5240. What is the remainder when n is divided by 22?
21
Let j(t) = -t**3 + 40*t**2 + 41*t - 34. Let u be j(41). Let q(v) = v**2 + 30*v - 119. Calculate the remainder when 21/5*(2 - -13) is divided by q(u).
12
Suppose 43 = 6*f + 19. Suppose 3*a - 12 = 0, -2*y + 4*a - 30 = -f*y. Suppose -30 + 90 = 15*h. Calculate the remainder when y is divided by h.
3
Let w = 47 - 9. Let n = 118 + -118. Suppose n = 5*z + 5*f - 70, -2 = z - 11*f + 8*f. Calculate the remainder when w is divided by z.
8
Suppose 966 = 3*x - 5*o, 3*x - 1610 = -2*x + 5*o. Let d = -298 + x. What is the remainder when 130 is divided by d?
10
Let r = 1331 - 1232. What is the remainder when 1582 is divided by r?
97
Calculate the remainder when 42/(42/(-6)) + 1 + 402 + -4 is divided by 151.
91
Let i = 1322 - 1309. Let f(q) = -3*q**3 + 2*q**2 + 9*q + 5. What is the remainder when f(-2) is divided by i?
6
Suppose -193*t - 78*t + 16605 = -8327. Calculate the remainder when 2008 is divided by t.
76
Let m = 2 + 9. Suppose m = -f + 39. What is the remainder when 89 is divided by 832/f - 12/(-42)?
29
Suppose 0 = 5*g - 69*x + 68*x - 200, g - 5*x - 40 = 0. What is the remainder when 331 is divided by g?
11
Let f = -537 - -135. Calculate the remainder when 1/(f/102 - -4) is divided by 3.
2
Suppose 164*o + 2732 = 4509 + 6259. Suppose -2*j = -3*j - 2*r + 249, -4*j = 4*r - 984. What is the remainder when j is divided by o?
47
Let c(o) = -o**3 - 4*o**2 + 7*o + 4. Suppose 3*j = -z + 117, 164 = 2*z - 80*j + 76*j. Calculate the remainder when z is divided by c(-6).
28
Let c(q) = q**3 - 123*q**2 - 122*q - 187. Calculate the remainder when 7379 is divided by c(124).
59
Calculate the remainder when (80410/(-170))/((-2)/22) is divided by 8.
3
Suppose 21*k - 739 = 2705. What is the remainder when k is divided by 18/30 + -1 - 194/(-10)?
12
Suppose 1741*z + 12662 = 1767*z. What is the remainder when z is divided by 232?
23
Calculate the remainder when -19 - (-16 - 2960)/16 is divided by 21.
20
Let m = 182 - 158. Let f = 124 + -71. Calculate the remainder when f is divided by (m - -3)*(12 + -11).
26
Suppose 65550 = 15*d + 123*d. Calculate the remainder when d is divided by 51.
16
Suppose 0 = 189*m - 200*m + 2717. Calculate the remainder when m is divided by 234.
13
Let c = -2714 + 3654. Calculate the remainder when c is divided by 113.
36
Suppose 5*h = -4*u + 17 - 1, 3*h - 4*u + 16 = 0. Let b be 2/4*10/1. Suppose h*o + 160 = b*o. Calculate the remainder when 91 is divided by o.
27
Suppose 0 = -2*v - 342 - 140. Let i = -191 - v. Suppose 2*c - 52 = -4*s - c, -s - 2*c = -13. What is the remainder when i is divided by s?
11
Suppose -4*z - 32818 = -2*t, 103 - 58 = -5*z. What is the remainder when t is divided by 19?
13
Let i be 0/((8/(-6))/(18/(-27))). Suppose i = 3*g - 11*g + 88. Calculate the remainder when g is divided by 6.
5
What is the remainder when 877 is divided by (12 - 1862/(-28)) + (-6)/(-4)?
77
Let m = -46 + 38. Let t(s) = -s**3 - 7*s**2 + 4*s + 16. Let k be t(m). Suppose -v - 2*v - k = -3*u, 3*v = u - 18. What is the remainder when 27 is divided by u?
12
Let w = 437 - 827. Let c = -269 - w. Calculate the remainder when c is divided by 13.
4
Let u(s) = s**2 + 8*s + 1. Let x = -30 + 35. Suppose -4*v = -5*y - 18, x*v + 4*y = 11 + 32. What is the remainder when u(2) is divided by v?
0
Suppose -88*s + 16347 = 5611. Suppose 2*v = 2*c + 5*v - 50, -c - v = -26. Calculate the remainder when s is divided by c.
10
Suppose -g + 4*o = -28, 5*g + 3*o = -14 + 154. Suppose -5*i + 345 = -0*i. Let n = i - g. What is the remainder when n is divided by 15?
11
Suppose l + 7244 = 2*k, 22948 = 5*k + 5*l + 4853. What is the remainder when k is divided by 93?
87
Suppose 2*t - 3*s - 599 = 0, 2*t - 307 = -3*s + 262. What is the remainder when 946 is divided by t?
70
Let d be (-34)/((-5)/((-10)/(-4))). Suppose -43*z = -d*z - 572. What is the remainder when 165 is divided by z?
11
Let y = -5301 - -7841. Calculate the remainder when y is divided by 9.
2
Let n = 666 + 5. What is the remainder when (n + 3 + -5)*(-4)/(-6) is divided by 50?
46
Let x(i) = 24*i - 16. Let c be (-88)/(-24) + (-1)/(-3). Calculate the remainder when x(c) is divided by (-8592)/(-384) - 6/16.
14
Suppose 286 = -12*m + 970. Suppose 4 = 4*y - 8. Calculate the remainder when m is divided by y.
0
Let l = 609 + -455. Calculate the remainder when 2/(-11) + 22204/l is divided by 78.
66
Calculate the remainder when 308 is divided by ((-237)/1)/((-72)/48).
150
Suppose -45*f = -41*f - 748. Suppose -9*w = -20*w + f. Calculate the remainder when 181 is divided by w.
11
Let w = 187 - 92. Let q be (2 - 4)/((-14)/259). Let n = w - q. Calculate the remainder when n is divided by 15.
13
Suppose 665 + 28 = 11*p. What is the remainder when p is divided by 13?
11
Suppose 4*n - 804 = 2*y, -81*n + 77*n - 5*y = -818. Suppose -n = -8*w + 278. What is the remainder when w is divided by 33?
27
Let h(c) = -c**3 + 0*c + 6 - 4 + 7*c**3 + 2*c. Let u be h(-1). Let o = u - -59. What is the remainder when o is divided by 18?
17
Suppose 97 = -7*p + 20. Let h = 11 + p. Suppose -5*f + 230 = s - h*s, 2*s - 230 = -5*f. What is the remainder when f is divided by 12?
10
Let t = 116 + -128. Let o(l) = -l**3 - 12*l**2 - 3*l + 7. Calculate the remainder when o(t) is divided by 8.
3
Let d(v) = -18*v - 1353. What is the remainder when 326 is divided by d(-77)?
29
Let w = -5750 + 7625. Calculate the remainder when w is divided by 30.
15
Let z(o) = -13*o**2 - 434*o + 313. Suppose f = 4*f - 597. Calculate the remainder when f is divided by z(-34).
35
Suppose -3*p - 8*o - 45 = -7*o, -2*p - 23 = 3*o. Let n(y) = -15*y - 211. Calculate the remainder when 86 is divided by n(p).
28
Let k = -19 + 21. Let v(z) = 0 + 13 + 4*z + 2*z**k - 2. Calculate the remainder when 161 is divided by v(-5).
38
Let z = -268 + 407. Let d = 156 - z. Let x = 401 - 148. Calculate the remainder when x is divided by d.
15
Let h(f) = f**2 + 21*f - 570. Calculate the remainder when 3298 is divided by h(-39).
130
Let g(n) = -6*n**2 - 138*n + 5. Let r be g(-23). Suppose 0 = 13*q - r*q - 200. Calculate the remainder when -6*(-3 - (-51)/(-6)) is divided by q.
19
Let b = 45 - 40. Calculate the remainder when (b/((-40)/(-348)))/((-15)/(-20)) is divided by 15.
13
Let a = 288 - 75. Let k(s) = -16*s**2 + 465*s - 454. Calculate the remainder when a is divided by k(28).
15
Let v be (-5 - 2) + (-28)/(-4). Suppose 2*i + 2*w - 88 = 0, v = -4*i - 3*w + 212 - 34. Calculate the remainder when i is divided by 6.
4
Let x be (4 - (2 - -4))*32/(-1). Let y = -28 + x. What is the remainder when 7680/54 - (-4)/(-18) is divided by y?
34
Let l = -24 - -6. Let z = 64 + l. Calculate the remainder when z is divided by 4*5/(-20) - -18.
12
Let x(k) = 3*k**2 + 1371*k + 4122. What is the remainder when 341 is divided by x(-3)?
17
Let v(l) = -70*l + 1189. What is the remainder when v(11) is divided by 36?
23
Let l = -4077 + 5408. Calculate the remainder when l is divided by 23.
20
Suppose 3*m - 2*d - 1842 = 0, -12*m + 2466 = -8*m - 6*d. Calculate the remainder when m is divided by 269.
74
Let j = -187 - -184. What is the remainder when j/(-9) + (-5840)/(-48) is divided by 18?
14
Let o = 789 - 761. Suppose 32*z - o*z = -2*g + 254, 421 = 3*g - 2*z. Calculate the remainder when g is divided by 37.
26
Let q = -56396 - -56428. Let n = 231 + -78. What is the remainder when n is divided by q?
25
What is the remainder when 63 + (-1 - 1 - -10) is divided by 61?
10
Suppose 208 = 3*y + 2*i, y + 4*y - 351 = i. Let d be 6/27 - (-2 + y/(-9)). Calculate the remainder when 20 is divided by 106/d + 18/(-30) + 1.
9
Let z(v) = 74*v - 1025. Calculate the remainder when z(18) is divided by 136.
35
Let f(d) = -7*d - 47. Let x be f(-16). Suppose x = -19*q + 1148. What is the remainder when q is divided by 29?
28
Suppose 63*l - 31943 = 9395 + 13031. What is the remainder when l is divided by 5?
3
Let w(a) = -a**2 - 11*a + 41. C